f 7514 and 556478.
442
Calculate the highest common factor of 6921 and 45.
9
What is the highest common factor of 1508508 and 9?
9
What is the greatest common factor of 2987 and 5133?
29
Calculate the greatest common factor of 17 and 145775.
17
Calculate the highest common divisor of 48205 and 4340.
155
Calculate the highest common factor of 27473 and 10873.
83
What is the highest common divisor of 105 and 117810?
105
What is the highest common divisor of 86438 and 88?
22
Calculate the greatest common factor of 13501 and 1403.
23
Calculate the highest common factor of 97762 and 14.
14
What is the highest common divisor of 7067 and 16617?
191
What is the greatest common divisor of 9736173 and 1266?
633
What is the highest common factor of 48325 and 875?
25
What is the highest common divisor of 76149 and 612?
9
What is the highest common factor of 8463 and 819?
273
Calculate the highest common factor of 62194 and 44407.
121
What is the greatest common factor of 827 and 4414526?
827
What is the highest common divisor of 3 and 490887?
3
What is the greatest common factor of 388 and 12?
4
Calculate the greatest common factor of 1428 and 18462.
102
What is the highest common divisor of 2875 and 17?
1
What is the highest common divisor of 17313 and 1131?
87
What is the highest common factor of 251304 and 22200?
888
Calculate the greatest common divisor of 1040 and 17784.
104
What is the highest common factor of 378 and 20286?
126
What is the greatest common divisor of 259 and 46193?
7
What is the greatest common divisor of 5096 and 56?
56
Calculate the greatest common divisor of 3706825 and 5.
5
Calculate the greatest common factor of 2695 and 3971.
11
Calculate the highest common divisor of 6149480 and 47.
47
What is the highest common factor of 992 and 72?
8
Calculate the greatest common divisor of 4589952 and 24.
24
Calculate the highest common factor of 3885 and 69510.
105
Calculate the highest common factor of 8 and 62108.
4
What is the highest common factor of 8207 and 580?
29
Calculate the greatest common divisor of 2377888 and 1216.
608
What is the highest common factor of 385625 and 625?
625
Calculate the highest common factor of 19680 and 282.
6
What is the greatest common divisor of 187 and 40117?
11
What is the highest common factor of 418 and 159714?
38
Calculate the greatest common factor of 12544 and 2816.
256
What is the greatest common factor of 25160 and 85?
85
What is the highest common divisor of 1843 and 2425?
97
What is the highest common divisor of 242 and 176792?
22
What is the highest common factor of 29963 and 83?
83
What is the highest common factor of 1630 and 102038?
326
Calculate the greatest common divisor of 55 and 1517549.
11
Calculate the highest common factor of 11 and 1085029.
11
Calculate the greatest common factor of 1475958 and 228.
114
Calculate the greatest common divisor of 362507 and 229.
229
Calculate the greatest common factor of 16 and 29040.
16
Calculate the highest common divisor of 15 and 4840.
5
What is the greatest common factor of 972 and 6372?
108
Calculate the highest common factor of 186 and 719107.
31
What is the highest common factor of 20 and 23990?
10
What is the greatest common divisor of 69 and 593331?
69
What is the highest common factor of 631576 and 33?
11
Calculate the highest common factor of 296 and 9.
1
Calculate the greatest common factor of 17298 and 18.
18
What is the greatest common factor of 102506 and 54570?
214
Calculate the greatest common divisor of 31 and 3739158.
31
What is the greatest common divisor of 3670 and 641516?
734
What is the greatest common divisor of 3 and 607878?
3
What is the highest common factor of 41 and 709587?
41
What is the highest common divisor of 1813 and 5624?
37
Calculate the greatest common divisor of 2471 and 966.
7
What is the greatest common factor of 323 and 323?
323
What is the greatest common divisor of 628449 and 5411?
773
Calculate the highest common divisor of 7440 and 960.
240
What is the highest common factor of 818035 and 4720?
295
Calculate the highest common divisor of 42139 and 1.
1
What is the highest common factor of 26 and 358098?
26
Calculate the greatest common factor of 1380 and 1863.
69
What is the highest common divisor of 7575 and 2400?
75
Calculate the highest common divisor of 2051 and 27972.
7
Calculate the highest common factor of 318 and 832418.
106
What is the highest common divisor of 213125 and 341?
341
What is the highest common factor of 384 and 18336?
96
What is the greatest common divisor of 732 and 910852?
244
Calculate the greatest common divisor of 207 and 100119.
69
What is the highest common factor of 770 and 73535?
385
What is the greatest common divisor of 1362 and 192?
6
Calculate the greatest common factor of 3055 and 235.
235
What is the highest common divisor of 935 and 52615?
85
What is the highest common divisor of 7469 and 16247?
77
Calculate the greatest common divisor of 290 and 74356.
58
What is the highest common factor of 432 and 12912?
48
What is the greatest common divisor of 32672 and 224?
32
Calculate the highest common factor of 118259 and 9.
1
What is the greatest common factor of 121973 and 1132?
283
Calculate the highest common factor of 1367329 and 199.
199
Calculate the greatest common divisor of 1595 and 88165.
55
Calculate the greatest common divisor of 18551 and 1677.
13
Calculate the greatest common factor of 1587 and 3.
3
Calculate the greatest common divisor of 42 and 62195.
7
What is the greatest common divisor of 1185 and 9243?
237
Calculate the highest common divisor of 103454 and 40664.
598
What is the highest common factor of 10374 and 74438?
182
What is the greatest common divisor of 20634 and 1266?
6
What is the greatest common factor of 5852 and 77308?
308
Calculate the highest common factor of 49197 and 124.
31
What is the highest common factor of 126 and 91539?
63
What is the greatest common factor of 585054 and 189?
9
What is the greatest common divisor of 23 and 162886?
23
Calculate the highest common factor of 431410 and 455.
35
What is the greatest common factor of 240 and 427524?
12
What is the highest common factor of 585200 and 380?
380
What is the highest common divisor of 164 and 73636?
164
Calculate the highest common divisor of 4140 and 20835.
45
Calculate the highest common factor of 2369 and 111961.
103
Calculate the greatest common factor of 1152 and 148496.
16
Calculate the greatest common divisor of 132000 and 429.
33
Calculate the greatest common divisor of 693 and 26103.
231
Calculate the highest common factor of 4278 and 2806.
46
Calculate the greatest common factor of 1100 and 59180.
220
Calculate the highest common factor of 10 and 1570250.
10
What is the highest common divisor of 848120 and 10?
10
Calculate the greatest common divisor of 110925 and 32.
1
What is the highest common divisor of 26404 and 9758?
574
What is the highest common divisor of 1050 and 56910?
210
What is the greatest common divisor of 93 and 272211?
93
Calculate the highest common factor of 3 and 254973.
3
Calculate the highest common factor of 600 and 22520.
40
What is the greatest common factor of 78 and 70629?
39
What is the highest common divisor of 2024 and 74129?
253
Calculate the greatest common divisor of 42 and 7494.
6
What is the highest common factor of 3808 and 9639?
119
What is the greatest common divisor of 17 and 12165132?
17
What is the greatest common divisor of 231 and 55132?
77
What is the greatest common factor of 12 and 53394?
6
Calculate the highest common divisor of 9868 and 82.
2
Calculate the greatest common factor of 66174 and 2152.
538
What is the greatest common factor of 12127 and 1991?
181
What is the highest common divisor of 62377 and 266?
133
Calculate the highest common divisor of 66950 and 260.
130
Calculate the highest common factor of 30002 and 14.
14
Calculate the highest common divisor of 1552681 and 249.
83
Calculate the greatest common divisor of 5214 and 264.
66
Calculate the greatest common factor of 25116 and 277368.
1092
What is the highest common factor of 18901 and 4149?
461
Calculate the greatest common factor of 2888 and 392.
8
Calculate the greatest common divisor of 2575 and 325.
25
Calculate the greatest common diviso